 What is the hundreds digit of m?
3
What is the units digit of (-74)/((2 - 174/84)*12/225)?
5
What is the thousands digit of ((-118524)/(-252))/(3/45)?
7
Suppose -1232 = -2*j - 2*o + o, 3080 = 5*j + 2*o. Suppose 4*q - 16 = 0, -13*m + j = -12*m - 5*q. What is the units digit of m?
6
Let n = -2039 + 6372. What is the tens digit of n?
3
Let v be ((-15)/4)/(3*(-3)/(-36)). What is the tens digit of ((-85)/v - 5) + (-760)/(-3)?
5
Suppose 4*v = -0*v + 64. Suppose 4 + v = 5*q. Suppose 3*c + 2*b - 23 = 0, -2*b + q = 2*c - 14. What is the units digit of c?
5
What is the thousands digit of 15/(-240)*-24 + (-7698)/(-4)?
1
Suppose 47891 = 3*q + 5*m - 36576, -4*q = -5*m - 112681. What is the thousands digit of q?
8
Let d be (-4)/(-3 + 7)*-5. Suppose -3*l - d*n = -108, -n - 167 = -3*l - l. Suppose 3*q - 203 = 2*f, -3*q + l + 177 = f. What is the units digit of q?
1
Let h be (-4)/(12/37)*(-11 + -1). Suppose 5*n - 830 = 5*x, -3*n + 654 = 5*x + h. What is the units digit of n?
7
Let i(j) = -6*j + 185. Let y be i(30). Suppose 0 = -2*f - y*s + 1318, -s + 2*s = 4*f - 2592. What is the hundreds digit of f?
6
What is the units digit of 200/(-30)*1605/(-14)*7?
0
Suppose -3*z - 2*f + 7*f = 1430, 0 = -2*z - 3*f - 966. Let x = 804 + z. What is the units digit of x?
4
Let v(i) = i**2 - 8*i + 12. Let f be v(6). Suppose -4*b - 38 - 2 = f. What is the tens digit of 1610/(-28)*8/b?
4
Suppose 72*b - 77*b = -5600. Suppose -5*q + q + b = 0. Suppose -5*h + 429 - 148 = -4*p, 5*p + q = 5*h. What is the tens digit of h?
5
Let y(d) be the second derivative of d**5/2 + d**4/3 - 13*d**3/6 - 5*d**2/2 + 90*d. What is the tens digit of y(4)?
4
Let w(c) = -c - 3. Let r be w(-5). Let p(v) = -v**2 - 14*v - 44. Let x be p(-12). What is the units digit of (-4)/r*x/2?
0
What is the thousands digit of 230/((-4 - (-172)/40)/(31 - -2))?
5
What is the hundreds digit of 2 + 52335/40*6 - 8/32?
8
Suppose 0*i - 5*i + 645 = 0. Suppose 0 = 5*w - 3*w - 102. Suppose 5*r + 4*q - w = i, 4*r = -2*q + 138. What is the tens digit of r?
3
Let c(b) = -87*b + 490. What is the thousands digit of c(-20)?
2
Let t be 15/6*((-288)/(-5))/9. Suppose -t*g - 740 = -20*g. What is the hundreds digit of g?
1
Let z = 6482 + -4004. Let m = z - 827. What is the tens digit of m?
5
Suppose -11832 = -5*a - u + 3*u, -3*u = -4*a + 9460. Suppose -a = -58*c + 3780. What is the hundreds digit of c?
1
Let b be 2/13 - (-3703)/13. Let n = -478 + b. Let h = n - -292. What is the tens digit of h?
9
Suppose 3*z = -2*s - 527 + 4215, -5*z + 3*s + 6153 = 0. Suppose o + z = 11*o. Suppose -g - n = -66, 0*n = 2*g + 5*n - o. What is the tens digit of g?
6
Let s = 88 + -84. Suppose -5*y + 7 = l, s*y - 28 = 4*l - 8. Suppose 0 = i - 2*c - 46, -2*i - 6*c + y*c + 124 = 0. What is the units digit of i?
4
Suppose -4*u - 153 = -7517. Suppose 16*b = 9*b + u. What is the hundreds digit of b?
2
Let c = 2932 - 1558. What is the thousands digit of 8 + c + 2 - 7?
1
Suppose -98*j + 2732653 = -1325723. What is the hundreds digit of j?
4
Let q(y) = -3176*y**3 + 3*y**2 - 39*y - 116. What is the thousands digit of q(-3)?
5
Suppose -3*v - x - 804 = -69303, 4*v - 3*x = 91332. What is the thousands digit of v?
2
Let x = -608 - -665. Suppose -x*j = -34*j - 35512. What is the thousands digit of j?
1
Let m(u) = -4*u**3 + u**2 + 4*u + 49. Let d be m(-7). Suppose c + d = 1786. What is the tens digit of c?
4
Let w = -122 - -171. Suppose -h - 4*r + w = 0, 0 = -2*h + 2*r + 2*r + 134. What is the tens digit of h?
6
Suppose -4*p + 41212 = 5*s, 4*p = -4*s + p + 32971. What is the thousands digit of s?
8
Let u = 24 - 21. Suppose u*i - 13 = 23. What is the units digit of (-33*(-38)/i)/(1/2)?
9
Suppose 20*w - 7*w = -780. What is the units digit of (2/4 - 2)*6400/w?
0
Let w = -26 + 42. Suppose 2*v + 6 = w. Suppose -2*h + 305 = 3*z, 4*h + h + v*z - 755 = 0. What is the units digit of h?
8
Let h be ((-18)/(-8) - 3)/((-8)/5568). Let k = h - 278. What is the hundreds digit of k?
2
Suppose -75276 = -294*o + 90*o. What is the units digit of o?
9
Let o be 3*3/2*14/(-21). Let v be (-44 - 1)*(-2)/3 - o. Suppose 0*h + v = h. What is the tens digit of h?
3
Suppose 56 = 2*h - 136. Let l = h + 40. What is the units digit of l?
6
Let o = 1159 + 52294. What is the thousands digit of o?
3
Suppose 66*r - 1744513 - 164961 = 700430. What is the units digit of r?
4
Let j = -301 + 22072. What is the units digit of j?
1
Let l(c) = -13 - 30*c + 2 + 2*c**2 + 5*c. Let j be l(13). What is the tens digit of 150/j + (-24)/(-8)?
7
Let x = 181 + 525. Suppose 2*y - 138 = x. What is the tens digit of 1/(-3 + y/140)?
7
Suppose -25 = 4*j - a, 4*j + 4*a + 33 + 7 = 0. Let c be (j - (-4280)/24)*(-21)/(-2). Suppose -8*z + z = -c. What is the hundreds digit of z?
2
Suppose -172*i + 193*i = 390138. What is the ten thousands digit of i?
1
Let y = 2692 + -1996. What is the units digit of y?
6
Suppose 3*c + 8 = w, 3*c - c = -4*w + 4. Let l be 615/6 - (-1)/c. Suppose 56 = u + 4*v - 2*v, -2*u + v + l = 0. What is the tens digit of u?
5
Suppose 0 = u + 5*g - 2294, u - 19*g + 20*g = 2274. What is the tens digit of u?
6
Let g be (0/6)/4 + -3. Let i(c) = 71*c**2 - 10*c - 29. What is the hundreds digit of i(g)?
6
Let m = -15207 + 19230. What is the units digit of m?
3
Let c be 7 - -1*(-3 - 0). Suppose -2*g + 10 = 0, -4*m + 343 = -c*g - 261. What is the hundreds digit of m?
1
Let b = -222 - -229. What is the tens digit of (b/((-28)/(-66)))/(6/32)?
8
Let p(g) = -18*g + 70. Let k be p(4). Let h = 166 + -99. Let q = k + h. What is the tens digit of q?
6
Let y(l) = -2*l - 20. Let s be y(-8). Let v be (-23)/4 + -3*s/(-48). What is the tens digit of (v/(-3))/(6/141)?
4
Suppose -92*z = 70*z - 1483272. What is the thousands digit of z?
9
Let v(g) = 4*g - 4. Let x be v(4). Let q(h) = -14*h - 2 + 9*h**3 - 10*h**3 - 2 + x*h**2. What is the units digit of q(10)?
6
Let r = -105 + 107. Suppose 2*f = -4*x + 1666, -4*f = r*x - 2*f - 830. What is the units digit of x?
8
Let t(x) = -x**3 + 12*x**2 - 21*x + 12. Let q be t(10). Suppose 4*k - 14 = q. Suppose 0 = k*i - 5*i + 34. What is the units digit of i?
4
Let u = 34503 + -20575. What is the hundreds digit of u?
9
Let s be (-2)/(16252/3252 - 5). Suppose 6 = -2*t, -2*g = t - s - 384. What is the tens digit of g?
0
Let p(o) = -2*o**2 - 17*o + 12. Let v be p(-10). Let t = v + 21. Suppose -6*u + d = -4*u - 149, 283 = 4*u + t*d. What is the tens digit of u?
7
Let s be (6 + (-108)/16)*-12. Suppose s*i = 12355 - 2482. What is the tens digit of i?
9
Suppose -3*d = z - 175313, d + 5*z = 13704 + 44729. What is the tens digit of d?
3
Let t(q) = q**2 + 26*q + 5364. What is the thousands digit of t(0)?
5
Suppose 1117 = 6*w - 1001. Suppose 0 = -w*d + 358*d - 2635. What is the hundreds digit of d?
5
Let p(j) = -102*j - 89. Suppose 55 = 4*y - 9*y - 5*k, 5*y - 5*k + 45 = 0. What is the hundreds digit of p(y)?
9
Let p = 7439 - -6983. What is the thousands digit of p?
4
Suppose 0 = 5*y - 5*i + 65, -i + 0*i = -3*y - 33. What is the tens digit of -4 + 68/20 - 1826/y?
8
Suppose 491*u - 490*u = 397. Suppose 402*t = u*t + 335. What is the units digit of t?
7
Let u = 93 - 95. What is the hundreds digit of (56/21)/(u/(-216))?
2
Suppose 6 = -11*m - 5. Let g be ((-536)/(-2))/m + -12 + 12. What is the tens digit of g/(-4) + -5 + 3?
6
Let v = 149 + -160. What is the hundreds digit of (-4402)/(-6) + 1*v/(-33)?
7
Suppose 2*p - 396 = -2*p - z, -4*z + 212 = 2*p. Let k = 23453 - 23247. Let g = p + k. What is the units digit of g?
4
Suppose 536 = 4*v - 1096. Suppose -6*i + 612 = -v. What is the tens digit of i?
7
Let i(w) = -w**3 + 4*w**2 + 21*w - 18. Suppose l = -l - c + 19, -l + 2*c = -12. Let n be i(l). What is the tens digit of (20/8 + -1)/((-9)/n)?
6
Let m(l) = 28*l**2 + 44*l + 1552. What is the units digit of m(-21)?
6
Suppose -2*o = 2*o - 308. Suppose -5*u + 0*u = 0, o = s - 4*u. Let y = s + 38. What is the units digit of y?
5
Suppose 3*o - 204 = 237. Let k = 238 + o. What is the hundreds digit of k?
3
Suppose -452 = -5*u + 243. Suppose 0 = 5*s - u + 24. Let n(v) = -v**3 + 24*v**2 - 21*v + 33. What is the units digit of n(s)?
9
Let w = -1768 - -145. Let h = w + 3014. What is the hundreds digit of h?
3
Let y = -380 - -358. Let l(a) = -22*a - 24. What is the units digit of l(y)?
0
Let s = 142 - 85. Let o = 67 - s. What is the u